 l be 0 + v - -3*(-24)/(-18). Let d(b) = b**3 + 19*b**2 + 35*b + 15. Let j be d(l). Let x(t) = -t**3 - 4*t**2 - 3*t - 1. Calculate x(j).
-3
Let l(g) = g**3 - 5*g**2 - 3*g + 4. Let r = 74 - 88. Let x be (-357)/51*12/r. Calculate l(x).
22
Let g(s) = 56*s - 1826. Let z be g(33). Let k(b) = -13*b + 280. Give k(z).
-6
Let x(n) be the second derivative of -n**3/6 - 2*n**2 + n. Suppose -d + 10 = -5*f, -3*f = -d - 4*d + 6. Let h be (-1)/f*(2 + -2). What is x(h)?
-4
Let s(l) = -3*l. Let p = -26 - -48. Suppose -h - 5*t - p = 0, 5 - 1 = -t. Let x be (45/3*(-10)/15)/h. Determine s(x).
-15
Let m(b) = -b**2 + 8*b - 13. Let f be m(9). Let w be f/(-66)*(0 + 0). Suppose -2*z - 11 - 1 = w. Let y(a) = -a**3 - 6*a**2 + a - 1. Determine y(z).
-7
Let a = -97 + 102. Let r be a*(1/5 - -1). Let d(f) = 6*f + 1 + 5 - f**2 - 9. Calculate d(r).
-3
Let u(k) = -8*k + 2 + k**2 + 2 + 0*k**2. Let v(g) = -38*g**2 + 12*g + 20. Let x be v(-3). Let p = x - -365. Determine u(p).
-3
Let z(u) = 9*u + 451 - 392 + 37*u**2 - 38*u**2. Determine z(-4).
7
Let x(l) = 2*l**3 + 59*l**2 + 30*l + 17. Let u be 1/((-92)/(-9) + -10 + 201/(-783)). Give x(u).
-12
Let i = 3839 - 3833. Let j(z) = 26*z - 160. Give j(i).
-4
Suppose 111*r - 88 = -25 + 48. Let o(g) = 44*g**3 + g. Calculate o(r).
45
Suppose -5*s - 439 = -154. Let p be -4 - (-2)/((-6)/s). Let h(j) = 2*j - 1. Let n(k) = k. Let f(b) = p*n(b) - 6*h(b). Calculate f(-4).
-6
Let b = 2866 - 2862. Let o(k) = -3*k**2 - 2*k - 6. Let l(u) = 2*u**2 - 2*u + 2*u**2 + 7 + 4*u. Let n(r) = b*l(r) + 5*o(r). Determine n(3).
1
Let b(c) = -c**2 - 19*c - 22. Let s be b(-18). Let w be s + 3*(4 + -5). Let q(n) = -n**2 - 6*n + 3. Give q(w).
-4
Suppose -24*r = -92*r - 1088. Let a(s) = s**2 + 15*s - 4. Give a(r).
12
Let q(b) = -b**2 - 7*b - 30. Let t be (-6 + 0)*(2 - 17)/(-30). Determine q(t).
-18
Suppose -5 = -2*z + 7. Let u(v) be the first derivative of -v**5/120 - v**4/6 + 5*v**3/3 + 15. Let y(m) be the third derivative of u(m). Give y(z).
-10
Let o(b) = b**3 - 2*b**2 - 1. Let j(f) = 3*f**3 - 16*f**2 - 35*f + 21. Let m(n) = -j(n) + 2*o(n). Give m(14).
75
Let s = 18149 - 18143. Let w(a) be the third derivative of -7/60*a**5 + 0*a - 1/24*a**4 - 3/2*a**3 + 0 - 12*a**2 - 1/120*a**s. What is w(-7)?
-2
Let u(g) be the third derivative of g**5/60 - 11*g**4/24 + 3*g**3/2 - g**2. Suppose -t = q + 3, -5*q + 3*t - 12 = 11. Let i be (-20)/12*24/q*1. Give u(i).
-1
Let i(s) = -14*s - 12. Let m = -9146 - -9142. Determine i(m).
44
Let a(u) be the second derivative of u**5/20 + 2*u**4/3 + 3*u**3/2 + 9*u**2/2 + 2482*u. Determine a(-7).
-5
Let h(i) be the first derivative of 9*i**4/2 - i**2 - i + 1549. Suppose -q = q - 2. Let y = 0 - q. Calculate h(y).
-17
Let z(k) = 103*k**2 - 1. Let o be z(1). Let n be 4/28 - (-2 + o/(-21)). Let s(b) = 3*b**2 - 4*b - b**2 + 1 - 4*b - b**2. Calculate s(n).
-6
Suppose 3*a - 77 = -5*u, 13*a = -2*u + 17*a + 36. Suppose -209 = -u*w - 65. Let l(c) = -c**3 + 8*c**2 + 8*c - 7. What is l(w)?
-16
Let m(n) = -13*n - 1900*n**2 - 21*n + 949*n**2 + 3 + 953*n**2 - 41. Determine m(18).
-2
Let f(x) = -5*x - 2. Suppose 33*b - 40*b + 35 = 0. Let t(j) = -17*j + 84. Let o be t(b). Calculate f(o).
3
Suppose 186 = 5*w + 411 - 195. Let y(t) = -t**3 - 5*t**2 - t - 18. Give y(w).
24
Let t(y) = -16 - 13*y + 157*y**2 + 134*y**2 + 4*y - 292*y**2. Give t(-5).
4
Let n(g) = -g**2 - 10*g - 5. Suppose 18*l + 192 = 24*l. Suppose 8*k = -l - 40. Determine n(k).
4
Suppose 6*o - 23*o + 5933 = 0. Let h = -347 + o. Let m(x) = -4*x**2 + 5*x - 4. Determine m(h).
-10
Let i(h) = 2*h**2 + 52*h + 58. Let c = -8446 + 8421. Calculate i(c).
8
Suppose 0 = -32*n + 168 + 88. Let t(r) = -r**3 + 6*r**2 + 9*r - 6. What is t(n)?
-62
Let h be (4/(-24)*-12 + 1 + -3)/(-3). Let k(m) be the third derivative of 0*m + h + 3*m**2 - 2/3*m**3 + 1/24*m**4. Give k(6).
2
Suppose 19 - 1 - 45 = -9*d. Let n(c) be the third derivative of -c**2 + 0*c - 1/4*c**4 + 0 + 1/3*c**d + 1/60*c**5. What is n(5)?
-3
Let u(t) = -t**3 + 6*t**2 - 7*t + 7. Let d be (1*6)/(2 + -1). Suppose 0 = 48*k - 27*k + 32*k - 1060. Suppose 2*c + k = d*c. Calculate u(c).
-3
Let b(a) = a - 35. Let d be 161/(-138) - ((-2886)/(-36))/(-13). Determine b(d).
-30
Let b(j) = -10*j - 26. Let f(g) = 2*g + 5. Let v(s) = 2*b(s) + 11*f(s). Suppose 5*r = -17*a + 18*a + 34, -r + 5*a = -50. What is v(r)?
13
Suppose 2*w - 5 = -1. Let r(p) = -2*p + 1. Let b(n) = 11*n - 6. Let s be (-212)/26 + 8 - (-152)/(-26). Let a(h) = s*r(h) - b(h). Give a(w).
2
Let z be (-48)/20*-1*20/8. Let h(i) be the second derivative of i**4/12 - 7*i**3/6 - 7*i**2/2 + 126*i. What is h(z)?
-13
Let t(q) = -q**2 + 11*q - 9. Let m be t(10). Let w(p) = 4*p + 8 - m - 2*p + 7. Let u = 8412 - 8422. What is w(u)?
-6
Let z(p) = p**2 - 3*p - 7. Suppose 4*h - 98 = -v, v + h + 385 = 6*v. Let f = 79 - v. Let y be (-16)/(-72) + f + 34/9. Determine z(y).
3
Let h(v) be the first derivative of -v**4/4 - v**3/3 - v**2/2 + 15*v - 158. Suppose -2*r - 3*m = 33, -3*r + 4 = -5*m + 44. Let l = r - -15. Determine h(l).
15
Let l(q) be the third derivative of 0*q**5 + 0 - 1/120*q**6 - 202*q**2 + 1/12*q**4 - 1/6*q**3 + 0*q. Determine l(2).
-5
Let l be 1 + -29 + (23 - 11). Let r(t) = t**3 + 14*t**2 - 35*t - 41. Calculate r(l).
7
Let j(h) = -h**3 - 16*h**2 + 18*h + 13. Let k be (-2 - 1)*((-1950)/(-90) + -16). Determine j(k).
-4
Let n = 3869 + -3864. Let q(t) = 3*t - 16. Determine q(n).
-1
Let d = -6446 - -6450. Let g(y) be the first derivative of -4/3*y**3 - 4*y + 0*y**2 - 13 - 1/4*y**d. Determine g(-4).
-4
Let l(w) = w**3 + 7*w**2 + 7*w - 2. Let p(h) = h**3 - 4*h**2 - 5*h + 4. Let i be p(5). Suppose i*d = 2*d + 34. Suppose 3*n + 1 = -d. Determine l(n).
-8
Let m(s) be the first derivative of -79 + 1/4*s**4 - 8/3*s**3 - 10*s + 1/2*s**2. Calculate m(8).
-2
Let r(q) = 46*q - 1. Let z(l) = 99*l - 13. Let k(i) = 2*r(i) - z(i). What is k(5)?
-24
Let h(m) = -m**2 - 15*m - 19. Suppose 3*l - 9 = 0, -10*l + 14 = -2*x - 12*l. What is h(x)?
31
Let n(l) = l**2 - 17*l - 3116. Let y be n(-48). Let o(p) = -6*p**2 + 24*p - 2. What is o(y)?
-2
Let b(k) = -k**2 - 34*k - 111. Let z be -25 + (77/14 + -5)/(4/(-48)). What is b(z)?
-18
Let w(f) = -f**3 + 10*f**2 - 8*f - 3. Let r(s) = s**2 - 67*s + 1041. Let a be r(43). What is w(a)?
6
Let o be ((1320/75)/11)/((-4)/(-10)). Let q(j) = j**3 - 6*j**2 + 10*j - 5. What is q(o)?
3
Let h(j) = -j**2 + 6*j + 2. Let a be 6 + 3/(-4 + 1). Suppose 0 = a*t - 3*o - 7 - 20, t - o - 5 = 0. What is h(t)?
2
Let q(h) = -h**3 - 4*h**2 + 4*h + 12. Suppose -6*k + 5*j - 9 = -10*k, 3*k - 5*j + 37 = 0. Give q(k).
-4
Let w(q) = -46*q - 11. Let k(j) = 55*j + 13. Let u(i) = 6*k(i) + 7*w(i). Calculate u(3).
25
Suppose 100*r = 103*r - 2*g - 35, -3*g = -4*r + 49. Let c(p) = 5*p - 21. Give c(r).
14
Let u(l) = 311*l + 43. Let z(b) = -342*b - 44. Let i(q) = 12*u(q) + 11*z(q). Determine i(1).
2
Let a(x) = x**2 + x - 6. Let b be a(3). Suppose c = -4, r - b*r - 3*c - 42 = 0. Let y(v) = -9*v - v**2 - 5 + 8*v**2 - 7*v - v**3 + 2*v**3 + 22*v. Give y(r).
-5
Let j(c) = -c - 1. Let f(q) = -8*q + 505*q**2 + 29 - 8*q + q**3 - 501*q**2. Let r be f(-7). Calculate j(r).
5
Let q(h) be the third derivative of h**5/60 - h**4/4 - h**3/6 + 106*h**2. Let g = 8 + -4. Suppose g*i = p + 17, -i + 5*p = -20 - 8. Determine q(i).
-10
Let o be -2 + 8 + (-24)/12. Let f be (o/6)/(26/195). Let q(u) = u**3 - 4*u**2 - u - 6. Calculate q(f).
14
Let o(c) be the third derivative of -2*c**2 - 1/60*c**5 + 0 - 1/8*c**4 + 0*c - 1/6*c**3. Suppose -5*w = 2*k - 8*w - 9, 11*w = 3*k - 46. Determine o(k).
-1
Let i be (-2)/(-14) - ((-6864)/28)/(-22). Let a(p) = -p**3 - 11*p**2 - p - 7. What is a(i)?
4
Let a be (10*(-16)/192)/(5/(-2)). Let b(n) be the third derivative of -5/24*n**4 + 0*n + 0 + 33*n**2 - a*n**3 - 1/60*n**5. What is b(-4)?
2
Let j(y) = 3 - 87*y + 7 + 159*y + 0 - 79*y. Calculate j(5).
-25
Suppose 6*n - 7*n = -3*q + 2, -3*q = 6. Let v(r) = 2*r + 21. What is v(n)?
5
Let g(m) = 76*m + 47. Let f(d) = 89*d + 49. Let a(l) = -5*f(l) + 6*g(l). Calculate a(-5).
-18
Let u(b) be the third derivative of -b**4/24 - 5*b**3/3 - b**2. Let o(v) = v**3 - 22*v**2 + 114*v - 294. Let d be o(16). Calculate u(d).
-4
Let x be (-2 + 0)*6/(-4). Let s(i) = 691*i - 4. Let l(k) = 125*k - 1. Let y(n) = -11*l(n) + 2*s(n). What is y(x)?
24
Let b(a) = -a**3 - 22*a**2 - 55*a + 42. Let u be ((1